{"id":18092,"date":"2025-07-02T09:29:37","date_gmt":"2025-07-02T07:29:37","guid":{"rendered":"https:\/\/boschiscontract.it\/office\/?page_id=18092"},"modified":"2025-07-25T10:49:20","modified_gmt":"2025-07-25T08:49:20","slug":"cosa-sono-gli-arredi-cam-e-perche-sono-importanti","status":"publish","type":"page","link":"https:\/\/boschiscontract.it\/office\/cosa-sono-gli-arredi-cam-e-perche-sono-importanti\/","title":{"rendered":"Cosa sono gli arredi CAM e perch\u00e9 sono importanti"},"content":{"rendered":"\t\t<div data-elementor-type=\"wp-page\" data-elementor-id=\"18092\" class=\"elementor elementor-18092\">\n\t\t\t\t\t\t\t\t\t<section class=\"elementor-section elementor-top-section elementor-element elementor-element-a15da96 elementor-section-boxed elementor-section-height-default elementor-section-height-default\" data-id=\"a15da96\" data-element_type=\"section\">\n\t\t\t\t\t\t<div class=\"elementor-container elementor-column-gap-default\">\n\t\t\t\t\t<div class=\"elementor-column elementor-col-100 elementor-top-column elementor-element elementor-element-6d3b406\" data-id=\"6d3b406\" data-element_type=\"column\">\n\t\t\t<div class=\"elementor-widget-wrap elementor-element-populated\">\n\t\t\t\t\t\t\t\t<div class=\"elementor-element elementor-element-dbefdd8 elementor-widget elementor-widget-heading\" data-id=\"dbefdd8\" data-element_type=\"widget\" data-widget_type=\"heading.default\">\n\t\t\t\t<div class=\"elementor-widget-container\">\n\t\t\t<style>\/*! elementor - v3.12.1 - 02-04-2023 *\/\n.elementor-heading-title{padding:0;margin:0;line-height:1}.elementor-widget-heading .elementor-heading-title[class*=elementor-size-]>a{color:inherit;font-size:inherit;line-height:inherit}.elementor-widget-heading .elementor-heading-title.elementor-size-small{font-size:15px}.elementor-widget-heading .elementor-heading-title.elementor-size-medium{font-size:19px}.elementor-widget-heading .elementor-heading-title.elementor-size-large{font-size:29px}.elementor-widget-heading .elementor-heading-title.elementor-size-xl{font-size:39px}.elementor-widget-heading .elementor-heading-title.elementor-size-xxl{font-size:59px}<\/style><h1 class=\"elementor-heading-title elementor-size-default\">Cosa sono i CAM e perch\u00e9 sono importanti<\/h1>\t\t<\/div>\n\t\t\t\t<\/div>\n\t\t\t\t\t<\/div>\n\t\t<\/div>\n\t\t\t\t\t\t\t<\/div>\n\t\t<\/section>\n\t\t\t\t<section class=\"elementor-section elementor-top-section elementor-element elementor-element-5cf1d6b elementor-section-boxed elementor-section-height-default elementor-section-height-default\" data-id=\"5cf1d6b\" data-element_type=\"section\">\n\t\t\t\t\t\t<div class=\"elementor-container elementor-column-gap-default\">\n\t\t\t\t\t<div class=\"elementor-column elementor-col-100 elementor-top-column elementor-element elementor-element-2a08594\" data-id=\"2a08594\" data-element_type=\"column\">\n\t\t\t<div class=\"elementor-widget-wrap elementor-element-populated\">\n\t\t\t\t\t\t\t\t<div class=\"elementor-element elementor-element-062f28d elementor-widget elementor-widget-heading\" data-id=\"062f28d\" data-element_type=\"widget\" data-widget_type=\"heading.default\">\n\t\t\t\t<div class=\"elementor-widget-container\">\n\t\t\t<h2 class=\"elementor-heading-title elementor-size-default\">Definizione e origine dei Criteri Ambientali Minimi (CAM)<\/h2>\t\t<\/div>\n\t\t\t\t<\/div>\n\t\t\t\t\t<\/div>\n\t\t<\/div>\n\t\t\t\t\t\t\t<\/div>\n\t\t<\/section>\n\t\t\t\t<section class=\"elementor-section elementor-top-section elementor-element elementor-element-4ecd1d7 elementor-section-boxed elementor-section-height-default elementor-section-height-default\" data-id=\"4ecd1d7\" data-element_type=\"section\">\n\t\t\t\t\t\t<div class=\"elementor-container elementor-column-gap-default\">\n\t\t\t\t\t<div class=\"elementor-column elementor-col-100 elementor-top-column elementor-element elementor-element-c4b4051\" data-id=\"c4b4051\" data-element_type=\"column\">\n\t\t\t<div class=\"elementor-widget-wrap elementor-element-populated\">\n\t\t\t\t\t\t\t\t<div class=\"elementor-element elementor-element-a868c6e elementor-widget elementor-widget-text-editor\" data-id=\"a868c6e\" data-element_type=\"widget\" data-widget_type=\"text-editor.default\">\n\t\t\t\t<div class=\"elementor-widget-container\">\n\t\t\t<style>\/*! elementor - v3.12.1 - 02-04-2023 *\/\n.elementor-widget-text-editor.elementor-drop-cap-view-stacked .elementor-drop-cap{background-color:#69727d;color:#fff}.elementor-widget-text-editor.elementor-drop-cap-view-framed .elementor-drop-cap{color:#69727d;border:3px solid;background-color:transparent}.elementor-widget-text-editor:not(.elementor-drop-cap-view-default) .elementor-drop-cap{margin-top:8px}.elementor-widget-text-editor:not(.elementor-drop-cap-view-default) .elementor-drop-cap-letter{width:1em;height:1em}.elementor-widget-text-editor .elementor-drop-cap{float:left;text-align:center;line-height:1;font-size:50px}.elementor-widget-text-editor .elementor-drop-cap-letter{display:inline-block}<\/style>\t\t\t\t<p><strong>I Criteri Ambientali Minimi<\/strong> \u2013 meglio noti con l\u2019acronimo <strong>CAM<\/strong> \u2013 sono requisiti tecnici e ambientali che definiscono le caratteristiche di sostenibilit\u00e0 che un bene, servizio o processo deve possedere per essere considerato compatibile con gli obiettivi della<strong> green economy e della transizione ecologica.<\/strong><br \/>I CAM sono uno strumento operativo del<a href=\"https:\/\/gpp.mase.gov.it\/Home\/PianoAzioneNazionaleGPP\" target=\"_blank\" rel=\"noopener\"> Piano d\u2019Azione Nazionale sul Green Public Procurement (PAN GPP)<\/a>. Il loro obiettivo \u00e8 ridurre gli impatti ambientali delle forniture pubbliche, promuovendo un modello di consumo pi\u00f9 responsabile e circolare. Nel tempo, <a href=\"https:\/\/boschiscontract.it\/office\/come-scegliere-arredi-conformi-ai-cam-guida-pratica-per-aziende-e-pa\/\" target=\"_blank\" rel=\"noopener\">l\u2019adozione dei CAM \u00e8 diventata obbligatoria per le pubbliche amministrazioni<\/a> (ex art. 34 del D.lgs. 50\/2016 \u2013 Codice degli Appalti), ma sempre pi\u00f9 spesso viene richiesta anche nel settore privato, in particolare nei progetti che rispondono a criteri ESG (Environmental, Social, Governance).<br \/>Nel contesto dell\u2019arredo per ufficio, i CAM definiscono standard precisi in termini di materiali, durabilit\u00e0, sicurezza, riciclabilit\u00e0 e tracciabilit\u00e0 ambientale, promuovendo una progettazione che tenga conto dell\u2019intero ciclo di vita del prodotto (LCA).<\/p>\t\t\t\t\t\t<\/div>\n\t\t\t\t<\/div>\n\t\t\t\t\t<\/div>\n\t\t<\/div>\n\t\t\t\t\t\t\t<\/div>\n\t\t<\/section>\n\t\t\t\t<section class=\"elementor-section elementor-top-section elementor-element elementor-element-b48a2ec elementor-section-boxed elementor-section-height-default elementor-section-height-default\" data-id=\"b48a2ec\" data-element_type=\"section\">\n\t\t\t\t\t\t<div class=\"elementor-container elementor-column-gap-default\">\n\t\t\t\t\t<div class=\"elementor-column elementor-col-100 elementor-top-column elementor-element elementor-element-accd45c\" data-id=\"accd45c\" data-element_type=\"column\">\n\t\t\t<div class=\"elementor-widget-wrap elementor-element-populated\">\n\t\t\t\t\t\t\t\t<div class=\"elementor-element elementor-element-57defe9 elementor-widget elementor-widget-heading\" data-id=\"57defe9\" data-element_type=\"widget\" data-widget_type=\"heading.default\">\n\t\t\t\t<div class=\"elementor-widget-container\">\n\t\t\t<h2 class=\"elementor-heading-title elementor-size-default\">Requisiti principali per l\u2019arredo ufficio<\/h2>\t\t<\/div>\n\t\t\t\t<\/div>\n\t\t\t\t\t<\/div>\n\t\t<\/div>\n\t\t\t\t\t\t\t<\/div>\n\t\t<\/section>\n\t\t\t\t<section class=\"elementor-section elementor-top-section elementor-element elementor-element-c2a9674 elementor-section-boxed elementor-section-height-default elementor-section-height-default\" data-id=\"c2a9674\" data-element_type=\"section\">\n\t\t\t\t\t\t<div class=\"elementor-container elementor-column-gap-default\">\n\t\t\t\t\t<div class=\"elementor-column elementor-col-100 elementor-top-column elementor-element elementor-element-c2f704a\" data-id=\"c2f704a\" data-element_type=\"column\">\n\t\t\t<div class=\"elementor-widget-wrap elementor-element-populated\">\n\t\t\t\t\t\t\t\t<div class=\"elementor-element elementor-element-37ca116 elementor-widget elementor-widget-text-editor\" data-id=\"37ca116\" data-element_type=\"widget\" data-widget_type=\"text-editor.default\">\n\t\t\t\t<div class=\"elementor-widget-container\">\n\t\t\t\t\t\t\t<p>I CAM per l\u2019arredo da ufficio sono dettagliati nel <a href=\"https:\/\/www.gazzettaufficiale.it\/eli\/id\/2022\/08\/06\/22A04307\/sg\" target=\"_blank\" rel=\"noopener\">Decreto Ministeriale del 23 giugno 2022<\/a>, che ha aggiornato e sostituito il precedente decreto del 2017. Questo documento definisce <strong>criteri ambientali minimi obbligatori e criteri premianti<\/strong> da applicare nella progettazione, produzione e fornitura di arredi destinati ad ambienti lavorativi.<br \/>I requisiti principali si articolano in diverse macro-aree:<\/p><h3>1. Materiali a basso impatto ambientale<\/h3><p><strong>\u2022 Legno certificato FSC o PEFC<\/strong>, proveniente da foreste gestite in modo sostenibile.<br \/><strong>\u2022 Materiali plastici riciclati o riciclabili<\/strong>, privi di sostanze pericolose (es. ftalati, ritardanti di fiamma alogenati).<br \/><strong>\u2022 Tessuti e imbottiture con contenuto riciclato certificato<\/strong>, privi di sostanze nocive.<\/p><h3>2. Sicurezza e salubrit\u00e0<\/h3><p><strong>\u2022 Contenimento delle emissioni di formaldeide<\/strong> (classi E1 o inferiori).<br \/><strong>\u2022 Bassa emissione di composti organici volatili<\/strong> (COV), verificata secondo le norme UNI EN ISO.<br \/><strong>\u2022 Assenza di metalli pesanti<\/strong> o sostanze cancerogene nei trattamenti superficiali.<\/p><h3>3. Progettazione modulare e riparabilit\u00e0<\/h3><p><strong>\u2022 Arredi progettati<\/strong> per facilitare la sostituzione dei componenti.<br \/><strong>\u2022 Standardizzazione degli elementi<\/strong> di ricambio.<br \/><strong>\u2022 Possibilit\u00e0 di aggiornamento dell\u2019arredo<\/strong> senza sostituirlo integralmente.<\/p><h3>4. Durabilit\u00e0 e ciclo di vita<\/h3><p><strong>\u2022 Test di resistenza meccanica<\/strong> e stabilit\u00e0 secondo le norme EN.<br \/><strong>\u2022 Valutazione della durata stimata<\/strong> e della facilit\u00e0 di manutenzione.<br \/><strong>\u2022 Requisiti minimi per il fine vita<\/strong>, in ottica di disassemblabilit\u00e0 e riciclo.<\/p><h3>5. Packaging e logistica sostenibile<\/h3><p><strong>\u2022 Utilizzo di imballaggi riciclabili<\/strong>, a ridotto impatto ambientale.<br \/><strong>\u2022 Ottimizzazione dei volumi<\/strong> e riduzione del trasporto su lunga distanza.<\/p>\t\t\t\t\t\t<\/div>\n\t\t\t\t<\/div>\n\t\t\t\t\t<\/div>\n\t\t<\/div>\n\t\t\t\t\t\t\t<\/div>\n\t\t<\/section>\n\t\t\t\t<section class=\"elementor-section elementor-top-section elementor-element elementor-element-72b330f elementor-section-boxed elementor-section-height-default elementor-section-height-default\" data-id=\"72b330f\" data-element_type=\"section\">\n\t\t\t\t\t\t<div class=\"elementor-container elementor-column-gap-default\">\n\t\t\t\t\t<div class=\"elementor-column elementor-col-100 elementor-top-column elementor-element elementor-element-61acd1e\" data-id=\"61acd1e\" data-element_type=\"column\">\n\t\t\t<div class=\"elementor-widget-wrap elementor-element-populated\">\n\t\t\t\t\t\t\t\t<div class=\"elementor-element elementor-element-1f50404 elementor-widget elementor-widget-image\" data-id=\"1f50404\" data-element_type=\"widget\" data-widget_type=\"image.default\">\n\t\t\t\t<div class=\"elementor-widget-container\">\n\t\t\t<style>\/*! elementor - v3.12.1 - 02-04-2023 *\/\n.elementor-widget-image{text-align:center}.elementor-widget-image a{display:inline-block}.elementor-widget-image a img[src$=\".svg\"]{width:48px}.elementor-widget-image img{vertical-align:middle;display:inline-block}<\/style>\t\t\t\t\t\t\t\t\t\t\t\t<img loading=\"lazy\" decoding=\"async\" width=\"768\" height=\"512\" src=\"https:\/\/boschiscontract.it\/office\/wp-content\/uploads\/2025\/07\/arredi-cam-768x512.png\" class=\"attachment-medium_large size-medium_large wp-image-18115\" alt=\"\" srcset=\"https:\/\/boschiscontract.it\/office\/wp-content\/uploads\/2025\/07\/arredi-cam-768x512.png 768w, https:\/\/boschiscontract.it\/office\/wp-content\/uploads\/2025\/07\/arredi-cam-300x200.png 300w, https:\/\/boschiscontract.it\/office\/wp-content\/uploads\/2025\/07\/arredi-cam-1024x683.png 1024w, https:\/\/boschiscontract.it\/office\/wp-content\/uploads\/2025\/07\/arredi-cam.png 1536w\" sizes=\"auto, (max-width: 768px) 100vw, 768px\" \/>\t\t\t\t\t\t\t\t\t\t\t\t\t\t\t<\/div>\n\t\t\t\t<\/div>\n\t\t\t\t\t<\/div>\n\t\t<\/div>\n\t\t\t\t\t\t\t<\/div>\n\t\t<\/section>\n\t\t\t\t<section class=\"elementor-section elementor-top-section elementor-element elementor-element-f394999 elementor-section-boxed elementor-section-height-default elementor-section-height-default\" data-id=\"f394999\" data-element_type=\"section\">\n\t\t\t\t\t\t<div class=\"elementor-container elementor-column-gap-default\">\n\t\t\t\t\t<div class=\"elementor-column elementor-col-100 elementor-top-column elementor-element elementor-element-501cf84\" data-id=\"501cf84\" data-element_type=\"column\">\n\t\t\t<div class=\"elementor-widget-wrap elementor-element-populated\">\n\t\t\t\t\t\t\t\t<div class=\"elementor-element elementor-element-4a8537f elementor-widget elementor-widget-heading\" data-id=\"4a8537f\" data-element_type=\"widget\" data-widget_type=\"heading.default\">\n\t\t\t\t<div class=\"elementor-widget-container\">\n\t\t\t<h2 class=\"elementor-heading-title elementor-size-default\">Normativa di riferimento e obblighi per la PA e le imprese<\/h2>\t\t<\/div>\n\t\t\t\t<\/div>\n\t\t\t\t\t<\/div>\n\t\t<\/div>\n\t\t\t\t\t\t\t<\/div>\n\t\t<\/section>\n\t\t\t\t<section class=\"elementor-section elementor-top-section elementor-element elementor-element-b60bc54 elementor-section-boxed elementor-section-height-default elementor-section-height-default\" data-id=\"b60bc54\" data-element_type=\"section\">\n\t\t\t\t\t\t<div class=\"elementor-container elementor-column-gap-default\">\n\t\t\t\t\t<div class=\"elementor-column elementor-col-100 elementor-top-column elementor-element elementor-element-4885bb6\" data-id=\"4885bb6\" data-element_type=\"column\">\n\t\t\t<div class=\"elementor-widget-wrap elementor-element-populated\">\n\t\t\t\t\t\t\t\t<div class=\"elementor-element elementor-element-de8c095 elementor-widget elementor-widget-text-editor\" data-id=\"de8c095\" data-element_type=\"widget\" data-widget_type=\"text-editor.default\">\n\t\t\t\t<div class=\"elementor-widget-container\">\n\t\t\t\t\t\t\t<p>L\u2019obbligo di applicazione dei CAM \u00e8 previsto dall\u2019<a href=\"https:\/\/www.codiceappalti.it\/digs_50_2016\/Art__34__Criteri_di_sostenibilit%C3%A0_energetica_e_ambientale\/8402\" target=\"_blank\" rel=\"noopener\"><strong>art. 34 del Codice dei Contratti Pubblici (D.lgs. 50\/2016)<\/strong><\/a>, che impone alle stazioni appaltanti l\u2019inserimento dei CAM nei capitolati tecnici e nei criteri di aggiudicazione degli appalti pubblici. Per gli arredi da ufficio, l\u2019attuale riferimento normativo \u00e8:<br \/>\u2022 Decreto Ministeriale 23 giugno 2022 \u2013 <strong>Criteri Ambientali Minimi per l\u2019acquisto di arredi per interni, forniture e noleggio con o senza montaggio.<\/strong><br \/>Tutte le forniture pubbliche di arredi (comuni, scuole, ASL, regioni, enti pubblici e partecipati) sono tenute a conformarsi a questi criteri. Per i fornitori, ci\u00f2 comporta l\u2019obbligo di presentare dichiarazioni tecniche, schede prodotto e certificazioni aggiornate, sotto la responsabilit\u00e0 diretta del produttore o del distributore.<br \/><strong>Nel settore privato, la conformit\u00e0 ai CAM \u00e8 sempre pi\u00f9 richiesta nelle gare tra aziende<\/strong>, soprattutto quando sono coinvolti progetti con fondi PNRR o iniziative aziendali che rispondono ai principi ESG. La presenza di arredi CAM \u00e8 anche un elemento distintivo per le imprese che vogliono valorizzare la propria immagine green, ottenere rating di sostenibilit\u00e0 pi\u00f9 elevati e accedere a incentivi ambientali.<\/p>\t\t\t\t\t\t<\/div>\n\t\t\t\t<\/div>\n\t\t\t\t\t<\/div>\n\t\t<\/div>\n\t\t\t\t\t\t\t<\/div>\n\t\t<\/section>\n\t\t\t\t\t\t\t<\/div>\n\t\t","protected":false},"excerpt":{"rendered":"<p>Cosa sono i CAM e perch\u00e9 sono importanti Definizione e origine dei Criteri Ambientali Minimi (CAM) I Criteri Ambientali Minimi \u2013 meglio noti con l\u2019acronimo CAM \u2013 sono requisiti tecnici e ambientali che definiscono le caratteristiche di sostenibilit\u00e0 che un bene, servizio o processo deve possedere per essere considerato compatibile con gli obiettivi della green [&hellip;]<\/p>\n","protected":false},"author":1,"featured_media":0,"parent":0,"menu_order":0,"comment_status":"closed","ping_status":"closed","template":"","meta":{"inline_featured_image":false,"footnotes":""},"class_list":["post-18092","page","type-page","status-publish","hentry"],"yoast_head":"<!-- This site is optimized with the Yoast SEO plugin v24.5 - https:\/\/yoast.com\/wordpress\/plugins\/seo\/ -->\n<title>Cosa sono gli arredi CAM e perch\u00e9 sono importanti - Office Boschis Contract<\/title>\n<meta name=\"description\" content=\"arredi CAM: una panoramica sulla certificazione ambientale e le relative normative in tema di sostenibilit\u00e0\" \/>\n<meta name=\"robots\" content=\"index, follow, max-snippet:-1, max-image-preview:large, max-video-preview:-1\" \/>\n<link rel=\"canonical\" href=\"https:\/\/boschiscontract.it\/office\/cosa-sono-gli-arredi-cam-e-perche-sono-importanti\/\" \/>\n<meta property=\"og:locale\" content=\"it_IT\" \/>\n<meta property=\"og:type\" content=\"article\" \/>\n<meta property=\"og:title\" content=\"Cosa sono gli arredi CAM e perch\u00e9 sono importanti - Office Boschis Contract\" \/>\n<meta property=\"og:description\" content=\"arredi CAM: una panoramica sulla certificazione ambientale e le relative normative in tema di sostenibilit\u00e0\" \/>\n<meta property=\"og:url\" content=\"https:\/\/boschiscontract.it\/office\/cosa-sono-gli-arredi-cam-e-perche-sono-importanti\/\" \/>\n<meta property=\"og:site_name\" content=\"Office Boschis Contract\" \/>\n<meta property=\"article:modified_time\" content=\"2025-07-25T08:49:20+00:00\" \/>\n<meta property=\"og:image\" content=\"https:\/\/boschiscontract.it\/office\/wp-content\/uploads\/2025\/07\/arredi-cam-1024x683.png\" \/>\n\t<meta property=\"og:image:width\" content=\"1024\" \/>\n\t<meta property=\"og:image:height\" content=\"683\" \/>\n\t<meta property=\"og:image:type\" content=\"image\/png\" \/>\n<meta name=\"twitter:card\" content=\"summary_large_image\" \/>\n<meta name=\"twitter:label1\" content=\"Tempo di lettura stimato\" \/>\n\t<meta name=\"twitter:data1\" content=\"4 minuti\" \/>\n<script type=\"application\/ld+json\" class=\"yoast-schema-graph\">{\"@context\":\"https:\/\/schema.org\",\"@graph\":[{\"@type\":\"WebPage\",\"@id\":\"https:\/\/boschiscontract.it\/office\/cosa-sono-gli-arredi-cam-e-perche-sono-importanti\/\",\"url\":\"https:\/\/boschiscontract.it\/office\/cosa-sono-gli-arredi-cam-e-perche-sono-importanti\/\",\"name\":\"Cosa sono gli arredi CAM e perch\u00e9 sono importanti - Office Boschis Contract\",\"isPartOf\":{\"@id\":\"https:\/\/boschiscontract.it\/office\/#website\"},\"primaryImageOfPage\":{\"@id\":\"https:\/\/boschiscontract.it\/office\/cosa-sono-gli-arredi-cam-e-perche-sono-importanti\/#primaryimage\"},\"image\":{\"@id\":\"https:\/\/boschiscontract.it\/office\/cosa-sono-gli-arredi-cam-e-perche-sono-importanti\/#primaryimage\"},\"thumbnailUrl\":\"https:\/\/boschiscontract.it\/office\/wp-content\/uploads\/2025\/07\/arredi-cam-768x512.png\",\"datePublished\":\"2025-07-02T07:29:37+00:00\",\"dateModified\":\"2025-07-25T08:49:20+00:00\",\"description\":\"arredi CAM: una panoramica sulla certificazione ambientale e le relative normative in tema di sostenibilit\u00e0\",\"breadcrumb\":{\"@id\":\"https:\/\/boschiscontract.it\/office\/cosa-sono-gli-arredi-cam-e-perche-sono-importanti\/#breadcrumb\"},\"inLanguage\":\"it-IT\",\"potentialAction\":[{\"@type\":\"ReadAction\",\"target\":[\"https:\/\/boschiscontract.it\/office\/cosa-sono-gli-arredi-cam-e-perche-sono-importanti\/\"]}]},{\"@type\":\"ImageObject\",\"inLanguage\":\"it-IT\",\"@id\":\"https:\/\/boschiscontract.it\/office\/cosa-sono-gli-arredi-cam-e-perche-sono-importanti\/#primaryimage\",\"url\":\"https:\/\/boschiscontract.it\/office\/wp-content\/uploads\/2025\/07\/arredi-cam.png\",\"contentUrl\":\"https:\/\/boschiscontract.it\/office\/wp-content\/uploads\/2025\/07\/arredi-cam.png\",\"width\":1536,\"height\":1024},{\"@type\":\"BreadcrumbList\",\"@id\":\"https:\/\/boschiscontract.it\/office\/cosa-sono-gli-arredi-cam-e-perche-sono-importanti\/#breadcrumb\",\"itemListElement\":[{\"@type\":\"ListItem\",\"position\":1,\"name\":\"Home\",\"item\":\"https:\/\/boschiscontract.it\/office\/\"},{\"@type\":\"ListItem\",\"position\":2,\"name\":\"Cosa sono gli arredi CAM e perch\u00e9 sono importanti\"}]},{\"@type\":\"WebSite\",\"@id\":\"https:\/\/boschiscontract.it\/office\/#website\",\"url\":\"https:\/\/boschiscontract.it\/office\/\",\"name\":\"Office Boschis Contract\",\"description\":\"\",\"publisher\":{\"@id\":\"https:\/\/boschiscontract.it\/office\/#organization\"},\"potentialAction\":[{\"@type\":\"SearchAction\",\"target\":{\"@type\":\"EntryPoint\",\"urlTemplate\":\"https:\/\/boschiscontract.it\/office\/?s={search_term_string}\"},\"query-input\":{\"@type\":\"PropertyValueSpecification\",\"valueRequired\":true,\"valueName\":\"search_term_string\"}}],\"inLanguage\":\"it-IT\"},{\"@type\":\"Organization\",\"@id\":\"https:\/\/boschiscontract.it\/office\/#organization\",\"name\":\"Office Boschis Contract\",\"url\":\"https:\/\/boschiscontract.it\/office\/\",\"logo\":{\"@type\":\"ImageObject\",\"inLanguage\":\"it-IT\",\"@id\":\"https:\/\/boschiscontract.it\/office\/#\/schema\/logo\/image\/\",\"url\":\"https:\/\/boschiscontract.it\/office\/wp-content\/uploads\/2021\/11\/Logo-Def-office.svg\",\"contentUrl\":\"https:\/\/boschiscontract.it\/office\/wp-content\/uploads\/2021\/11\/Logo-Def-office.svg\",\"width\":241.7,\"height\":59.4,\"caption\":\"Office Boschis Contract\"},\"image\":{\"@id\":\"https:\/\/boschiscontract.it\/office\/#\/schema\/logo\/image\/\"}}]}<\/script>\n<!-- \/ Yoast SEO plugin. -->","yoast_head_json":{"title":"Cosa sono gli arredi CAM e perch\u00e9 sono importanti - Office Boschis Contract","description":"arredi CAM: una panoramica sulla certificazione ambientale e le relative normative in tema di sostenibilit\u00e0","robots":{"index":"index","follow":"follow","max-snippet":"max-snippet:-1","max-image-preview":"max-image-preview:large","max-video-preview":"max-video-preview:-1"},"canonical":"https:\/\/boschiscontract.it\/office\/cosa-sono-gli-arredi-cam-e-perche-sono-importanti\/","og_locale":"it_IT","og_type":"article","og_title":"Cosa sono gli arredi CAM e perch\u00e9 sono importanti - Office Boschis Contract","og_description":"arredi CAM: una panoramica sulla certificazione ambientale e le relative normative in tema di sostenibilit\u00e0","og_url":"https:\/\/boschiscontract.it\/office\/cosa-sono-gli-arredi-cam-e-perche-sono-importanti\/","og_site_name":"Office Boschis Contract","article_modified_time":"2025-07-25T08:49:20+00:00","og_image":[{"width":1024,"height":683,"url":"https:\/\/boschiscontract.it\/office\/wp-content\/uploads\/2025\/07\/arredi-cam-1024x683.png","type":"image\/png"}],"twitter_card":"summary_large_image","twitter_misc":{"Tempo di lettura stimato":"4 minuti"},"schema":{"@context":"https:\/\/schema.org","@graph":[{"@type":"WebPage","@id":"https:\/\/boschiscontract.it\/office\/cosa-sono-gli-arredi-cam-e-perche-sono-importanti\/","url":"https:\/\/boschiscontract.it\/office\/cosa-sono-gli-arredi-cam-e-perche-sono-importanti\/","name":"Cosa sono gli arredi CAM e perch\u00e9 sono importanti - Office Boschis Contract","isPartOf":{"@id":"https:\/\/boschiscontract.it\/office\/#website"},"primaryImageOfPage":{"@id":"https:\/\/boschiscontract.it\/office\/cosa-sono-gli-arredi-cam-e-perche-sono-importanti\/#primaryimage"},"image":{"@id":"https:\/\/boschiscontract.it\/office\/cosa-sono-gli-arredi-cam-e-perche-sono-importanti\/#primaryimage"},"thumbnailUrl":"https:\/\/boschiscontract.it\/office\/wp-content\/uploads\/2025\/07\/arredi-cam-768x512.png","datePublished":"2025-07-02T07:29:37+00:00","dateModified":"2025-07-25T08:49:20+00:00","description":"arredi CAM: una panoramica sulla certificazione ambientale e le relative normative in tema di sostenibilit\u00e0","breadcrumb":{"@id":"https:\/\/boschiscontract.it\/office\/cosa-sono-gli-arredi-cam-e-perche-sono-importanti\/#breadcrumb"},"inLanguage":"it-IT","potentialAction":[{"@type":"ReadAction","target":["https:\/\/boschiscontract.it\/office\/cosa-sono-gli-arredi-cam-e-perche-sono-importanti\/"]}]},{"@type":"ImageObject","inLanguage":"it-IT","@id":"https:\/\/boschiscontract.it\/office\/cosa-sono-gli-arredi-cam-e-perche-sono-importanti\/#primaryimage","url":"https:\/\/boschiscontract.it\/office\/wp-content\/uploads\/2025\/07\/arredi-cam.png","contentUrl":"https:\/\/boschiscontract.it\/office\/wp-content\/uploads\/2025\/07\/arredi-cam.png","width":1536,"height":1024},{"@type":"BreadcrumbList","@id":"https:\/\/boschiscontract.it\/office\/cosa-sono-gli-arredi-cam-e-perche-sono-importanti\/#breadcrumb","itemListElement":[{"@type":"ListItem","position":1,"name":"Home","item":"https:\/\/boschiscontract.it\/office\/"},{"@type":"ListItem","position":2,"name":"Cosa sono gli arredi CAM e perch\u00e9 sono importanti"}]},{"@type":"WebSite","@id":"https:\/\/boschiscontract.it\/office\/#website","url":"https:\/\/boschiscontract.it\/office\/","name":"Office Boschis Contract","description":"","publisher":{"@id":"https:\/\/boschiscontract.it\/office\/#organization"},"potentialAction":[{"@type":"SearchAction","target":{"@type":"EntryPoint","urlTemplate":"https:\/\/boschiscontract.it\/office\/?s={search_term_string}"},"query-input":{"@type":"PropertyValueSpecification","valueRequired":true,"valueName":"search_term_string"}}],"inLanguage":"it-IT"},{"@type":"Organization","@id":"https:\/\/boschiscontract.it\/office\/#organization","name":"Office Boschis Contract","url":"https:\/\/boschiscontract.it\/office\/","logo":{"@type":"ImageObject","inLanguage":"it-IT","@id":"https:\/\/boschiscontract.it\/office\/#\/schema\/logo\/image\/","url":"https:\/\/boschiscontract.it\/office\/wp-content\/uploads\/2021\/11\/Logo-Def-office.svg","contentUrl":"https:\/\/boschiscontract.it\/office\/wp-content\/uploads\/2021\/11\/Logo-Def-office.svg","width":241.7,"height":59.4,"caption":"Office Boschis Contract"},"image":{"@id":"https:\/\/boschiscontract.it\/office\/#\/schema\/logo\/image\/"}}]}},"_links":{"self":[{"href":"https:\/\/boschiscontract.it\/office\/wp-json\/wp\/v2\/pages\/18092","targetHints":{"allow":["GET"]}}],"collection":[{"href":"https:\/\/boschiscontract.it\/office\/wp-json\/wp\/v2\/pages"}],"about":[{"href":"https:\/\/boschiscontract.it\/office\/wp-json\/wp\/v2\/types\/page"}],"author":[{"embeddable":true,"href":"https:\/\/boschiscontract.it\/office\/wp-json\/wp\/v2\/users\/1"}],"replies":[{"embeddable":true,"href":"https:\/\/boschiscontract.it\/office\/wp-json\/wp\/v2\/comments?post=18092"}],"version-history":[{"count":31,"href":"https:\/\/boschiscontract.it\/office\/wp-json\/wp\/v2\/pages\/18092\/revisions"}],"predecessor-version":[{"id":18179,"href":"https:\/\/boschiscontract.it\/office\/wp-json\/wp\/v2\/pages\/18092\/revisions\/18179"}],"wp:attachment":[{"href":"https:\/\/boschiscontract.it\/office\/wp-json\/wp\/v2\/media?parent=18092"}],"curies":[{"name":"wp","href":"https:\/\/api.w.org\/{rel}","templated":true}]}}